19*o**3 + 15*o**2 + 31*o + 6*o**2. What is j(-20)?
-14
Let q(c) = c**2 - 2*c - 4. Let i be q(-2). Suppose -v = v + i. Let l be ((-44)/(-66))/(v/(-9)). Let g(s) = -s**3 + 5*s**2 - 4*s + 1. Calculate g(l).
7
Let f(q) = q**3 + 10*q**2 - 13*q + 2. Let o be ((-33)/(-2))/((-348)/232). Determine f(o).
24
Let m(y) = 1103*y + 34. Let b(s) = 1322*s + 35. Let x(j) = -5*b(j) + 6*m(j). What is x(-12)?
-67
Let h be (-875)/(-315) + (-1)/(9/(-2)). Suppose 3*z - 4*c + 0 = 15, -h*c - 5 = 4*z. Suppose 0 = 2*p - 11 - z. Let b(i) = i - 3. What is b(p)?
3
Suppose 0 = 258*m - 332*m - 56 + 574. Let s(h) = -h**3 + 6*h**2 + 9*h - 27. Give s(m).
-13
Let b(o) be the second derivative of -o**5/20 + o**4/4 + 5*o**3/3 - 5*o**2/2 + 5089*o. Calculate b(5).
-5
Let g(f) = -f**3 + 5*f**2 + 16*f - 10. Let p be 29646/4209 + (-1)/23. Determine g(p).
4
Let m = 49 + -56. Let s be 6/(-14) + (1 - 10/m). Suppose 0*c + s = 2*c, -5*d + 5*c - 5 = 0. Let a(q) = -q - 4. What is a(d)?
-4
Let t(u) = u**2 - 7*u - 4. Suppose 4*w = 27 - 15. Suppose -10 = -2*r + 4*k, 3*r - 4*k - w - 10 = 0. Suppose 5 + 15 = 4*l + 4*f, 19 = 4*l + r*f. What is t(l)?
-16
Let o(f) = 107*f + 1063. Let h be o(-10). Let c(x) = -x**2 + 3*x + 2. What is c(h)?
-68
Suppose 33 = -5*k + 34*k - 18*k. Let l(j) = 4*j - 14. Give l(k).
-2
Suppose 5 = 3*z - 7. Let t be -55 + (-2 - (6 - z)). Let w = t + 49. Let c(x) = x**2 + 10*x + 3. What is c(w)?
3
Let w(k) = 19*k - 149. Let n be w(8). Let p(f) = f**3 - 2413*f - 4*f**2 + 8 + 0*f**n + 2406*f. Calculate p(5).
-2
Let g(v) = -6*v + 49. Let c(a) = -13*a + 109. Let j(x) = -2*c(x) + 5*g(x). What is j(9)?
-9
Let g(s) be the first derivative of 3*s**2/2 + 2*s + 53. Suppose -k - 2*k - 4*f - 21 = 0, 3*k = 2*f - 3. Calculate g(k).
-7
Let d(v) = -4396*v**3 - 4*v**2 + 13197*v**3 + 2 - 4397*v**3 + v - 4406*v**3. Determine d(-2).
0
Let o(c) = c**2 - 8*c + 17. Suppose -6*m + 71 = 17. Calculate o(m).
26
Let n(h) = -h**2 - 8*h - 6. Suppose -g - 3*w = -19, -7*w - 7 = -8*g + 3*g. Suppose 363 - 419 = g*f. Determine n(f).
-6
Let x(s) be the second derivative of 5/12*s**4 + 0 - 1/720*s**6 - 1/20*s**5 - 14*s + 0*s**2 + 0*s**3. Let c(f) be the third derivative of x(f). What is c(5)?
-11
Let v(y) = 44*y + 13. Let o(b) = -50*b - 2051. Let f be o(-41). Give v(f).
-31
Let j(r) = -3*r + 1. Suppose 48*u = 18419 - 5603. Let o = -261 + u. Calculate j(o).
-17
Let f(o) = 1667*o - 1692*o + 29 - 33. What is f(-1)?
21
Let s be 183/12 + 18/(-72). Suppose 0 = -d + 2*h - 1, 4*d - h - s = 2. Let p(q) = -q + 10. Let u(y) = 2*y - 19. Let t(f) = 11*p(f) + 6*u(f). Determine t(d).
1
Let i(q) = 27*q**2 + 149*q + 279. Let g(c) = 5*c**2 + 30*c + 56. Let t(f) = -11*g(f) + 2*i(f). What is t(-30)?
2
Let m(o) be the first derivative of -o**2/2 + 5*o - 1. Let g = 122883 + -122872. Determine m(g).
-6
Let k(w) = -2*w + 30. Let h(f) = -140*f - 848. Let t be h(-6). What is k(t)?
46
Let g = 19020 - 19017. Let p(i) = -i**3 - 6*i**2 + 2*i + 13. Give p(g).
-62
Let i = 2915 - 2922. Let k(j) = -6*j - 29. Give k(i).
13
Let j = -289 + 293. Suppose 48*u + j = 46*u. Let b(l) = 3*l + 6. What is b(u)?
0
Let x(c) = -c**2 + 15*c + 4. Let s(y) = 2*y**2 - 29*y - 7. Let o(u) = -6*s(u) - 11*x(u). Let j be (-26)/130 - 82/(-10). What is o(j)?
6
Let g(n) = n**3 + 9*n**2 - 9*n + 12. Let m be (-3)/(-6) - (-2)/(-4) - 10. Let b be g(m). Let h(l) = l - 3*l**b + 19 + l**3 + 0*l**3 + 4*l**2. Give h(0).
19
Let a(t) be the third derivative of 2*t**2 - 12 + 1/3*t**3 + 1/60*t**5 + 1/6*t**4 + 0*t. What is a(-2)?
-2
Let j(l) = 25*l + 21. Let x(k) = -54*k - 43. Let d(o) = 13*j(o) + 6*x(o). Determine d(-14).
1
Let n(d) = 7*d**3 + 5*d**2 - 5*d + 2. Let c = -257 + 244. Let k(o) = 15*o**3 + 10*o**2 - 10*o + 4. Let h(p) = c*n(p) + 6*k(p). Suppose -f - 3 = 3. Give h(f).
4
Let g(z) = -z**2 - 7*z - 5. Let i be g(-6). Let c(u) = 2*u - 4*u**3 - 1182 + 589 + 2*u**2 - 3*u + 593. Determine c(i).
-3
Let o(l) be the second derivative of -l**6/720 + l**5/40 - 91*l**4/12 + 49*l - 2. Let v(s) be the third derivative of o(s). What is v(-2)?
5
Let p(k) be the third derivative of 3/2*k**3 - 1/24*k**4 + 0 + 0*k + 2*k**2. Let o be -1*(1 + -4) + 24/(-88)*11. What is p(o)?
9
Let c(h) be the third derivative of -1/6*h**4 + 0*h - 1/120*h**6 - 3 - 5/6*h**3 - 18*h**2 - 1/20*h**5. What is c(-3)?
7
Let a(f) be the second derivative of 0 + 1/24*f**5 - 2/3*f**3 + 0*f**2 + 21*f - 1/24*f**4. Let m(h) be the second derivative of a(h). Calculate m(2).
9
Let y(o) = 3*o + 7 + 5 + 11 + 6 - 36 + 0*o. Suppose 5*z - 23 + 8 = 0. Determine y(z).
2
Suppose -r + p + 1 = 0, -r + 2*p + 3*p + 5 = 0. Let y(x) = x + 10. Let j be y(r). Let s be j/(-12) + 2/(-12) - -1. Let k(w) = w - 3. What is k(s)?
-3
Let x(r) = r**3 - 23*r**2 + 5*r. Let w(f) = -f**3 + 16*f**2 - 3*f. Let u(o) = 4*w(o) + 3*x(o). Give u(0).
0
Let t = -73 + 106. Suppose t = 11*s - 0*s. Let l(q) = q**2 - 6*q + 3. Give l(s).
-6
Let m(p) be the first derivative of 2*p**4 + 0*p**3 - 1/2*p**2 - p - 137. What is m(-1)?
-8
Let y(f) = -f**2 - 2*f + 3. Let q be y(2). Let t = -16 - -18. Let l(z) = 210 - 97 - 110 - t*z. What is l(q)?
13
Let r(a) = -7*a + 1717 - 863 - 854. Determine r(1).
-7
Let s(i) be the second derivative of i**3/3 + 5*i**2 + 5909*i. Suppose 2*z + 6 + 10 = 0. Calculate s(z).
-6
Let l(h) = -h**2 - 10*h - 6. Let t(x) = -4*x + 25. Let c(z) = -2*z**2 - 18*z - 7. Let m be c(-8). Let y be t(m). Let s = y - -2. Determine l(s).
3
Suppose 0 = -a - 0 + 1. Let b(f) = -2*f. Let n(s) = -5*s + 18. Let h(v) = 6*b(v) - 3*n(v). Let g(j) = -3. Let c(i) = -18*g(i) + h(i). What is c(a)?
3
Let j = -7 - 2. Let v(x) = 28*x - 9. Let z(u) = -10*u + 2. Let g(w) = -v(w) - 2*z(w). Let t(c) = 16*c - 11. Let o(s) = j*g(s) - 4*t(s). Give o(-1).
-9
Suppose 5*m - 30 = 5*y, 3*y + 42 = 52*m - 45*m. Let g = 5 - 3. Let q(a) = a**2 + 1. Let j(p) = -9*p + 7. Let b(f) = g*q(f) + j(f). Give b(m).
27
Let n(f) = -563 + 4*f**2 + 1120 + 2*f - 554 - 6*f. Suppose 3*u + 13 = 5*r + 4*u, 5*r = u + 7. Calculate n(r).
11
Let b(y) = -10*y - 4. Let f = -117 + 107. Let i = -14 - f. Calculate b(i).
36
Let r(g) = g**3 + g - 4. Let z(s) = s**3 - 6*s**2 - 7*s + 9. Let h be z(4). Suppose -5*v - 122 = -2*b, v = 6*b - 2*b - 208. Let p = h + b. What is r(p)?
-4
Let t be (-2 + 19/2)*(-16)/(-10). Let o(s) = -13 + 5*s**2 + 57 - s**3 - 6*s - 22 - t. Determine o(4).
2
Let s(w) = w**3 - 7*w**2 - 8*w + 3. Let y be s(8). Suppose y*b - 15 + 6 = 0. Let f(z) = 4*z**2 - 3*z + 3. What is f(b)?
30
Let w(p) be the first derivative of 2*p**2 - 5 + 3*p + 3/2*p**3 + 1/12*p**4. Let q(u) be the first derivative of w(u). Calculate q(-9).
4
Suppose d - 5*d = 4*y - 24, 0 = 3*d - 3*y - 12. Let x be (0 - d) + (-20)/(-5). Let m be -1 - ((-2 - -1) + x). Let l(k) = -2*k**2 + 1. Determine l(m).
-1
Let n(o) = 2*o + 4. Let b(k) = -k - 2. Let l(a) = -5*b(a) - 3*n(a). Let j = -55 + 27. Let m be (j/18)/((-48)/216). Determine l(m).
-9
Let i(f) = -12*f - 2253 + 3*f**3 + 4517 - 2248 + 13*f**2 + 0*f**3 - 2*f**3. Give i(-14).
-12
Suppose -31 = -2*a + 17. Suppose 99 - a = 5*m. Let w(r) = 7*r**2 + m*r + 0*r**3 - 2 + r**3 - 9*r. Give w(-6).
-2
Let v(d) = 35 - 14 + 7*d - 17 - 4 + 3. Let c be -7 + 5 + -4 - (-3 + 0). Calculate v(c).
-18
Let q(v) = 13*v + 11. Let m be 12/(-10)*(-180)/(-54). Give q(m).
-41
Let k(y) = -y**3 + 6*y**2 + 8*y + 2. Let x = 79 + -28. Suppose 2*v = -5*t - 17 + 44, -x = -2*v + 3*t. Suppose -4*s + v = -s. Give k(s).
9
Let j = 5 - 3. Let s(l) = 7*l**3 + 91*l**2 - 21*l - 9. Let k(v) = -v**3 - 12*v**2 + 3*v + 1. Let f(u) = -15*k(u) - 2*s(u). Give f(j).
-3
Suppose -86 + 51 = -7*n. Let x(d) be the first derivative of d**2 + 42. What is x(n)?
10
Let n(j) = 9*j - 3. Suppose 5*z - 11 = -1. Suppose z*g - 10 = -2*d, -2*g = -0*g - d - 7. Suppose 0*h - g*h - 22 = -q, 3*q - 26 = 4*h. Determine n(q).
15
Let r(k) = -21*k + 72. Let s(d) = 28*d - 94. Let c(w) = 9*r(w) + 7*s(w). Give c(5).
25
Let r(o) = -o**2 + 7*o + 6. Let p(h) = 8 + 58*h**2 - h**3 - 125*h**2 + 61*h**2. Let v(y) = -y**3 - 7*y**2 - 6. Let i be v(-7). Let f be p(i). Give r(f).
-2
Let k(f) = -f. Let a(n) = -19*n + 9. Let v(s) = -a(s) + 2*k(s). Let o(j) = -48*j + 27. Let w(b) = -6*o(b) - 17*v(b). Determine w(-8).
-1
Let v(u) = u**3 - 5*u**2 + 3*u + 2. Suppose -149*n + 175 = -154*n. Let a be n/(-70)*(2 + -1 - -7). Calculate v(a).
-2
Let x(y) = 11*y**2 - 754 + 331 + 150 - 8*y**2 - 61*y - 4